pose h*o + m - 14 = 4, -3*o - 3*m = -18. Suppose 4*y - 60 = -4*p, -59 = -7*p + o*p - 3*y. List the prime factors of p.
2, 7
Let b(i) = i + 7. Suppose -5*c + 5*f = -45, -5*c + c - 5*f = -36. List the prime factors of b(c).
2
Suppose 4*z - 3*o - 20 + 5 = 0, 0 = 2*o + 2. Suppose -2*q + 10 = -3*g, -q - 3*q - z*g + 20 = 0. Suppose -28 = -q*h + 22. List the prime factors of h.
2, 5
Suppose -16 + 1 = -5*c. What are the prime factors of c?
3
Let r = 95 + -56. What are the prime factors of r?
3, 13
Suppose -4*u = -4, -3*z - u + 4*u + 3 = 0. Suppose -w + 51 = 2*m - z*w, 3*m = -5*w + 70. What are the prime factors of m?
5
Let u(c) = -c**2 - 14*c - 9. Let v be u(-13). Suppose f - 3*f + 88 = 0. Suppose -v*s + f = -0*s. List the prime factors of s.
11
Let x = 5 - 3. Suppose 3*l - x*i - 14 = 0, 4*l - 2 - 25 = i. List the prime factors of l.
2
Suppose 2*l - 4*x - 8 = 0, 4*x + 4 = l - 0*x. List the prime factors of l.
2
Let v(l) = -l**3 + 5*l**2 + 3*l - 4. Suppose -b - 2 = 4*x + 1, 2*x = 5*b - 29. List the prime factors of v(b).
11
Let s be 108/20 + (-2)/5. Suppose m + 10 = 5*h - 7, 2*h - 23 = -s*m. What are the prime factors of h?
2
Suppose 3*t - 4 = 5. What are the prime factors of (t - 4)*10/(-1)?
2, 5
Let u(k) = k**2 - k. Let x be u(-2). Let h(p) = p**3 - 6*p**2 + p - 2. What are the prime factors of h(x)?
2
Suppose t = 47 - 0. What are the prime factors of t?
47
Suppose 224 = 4*d - 2*s, s = 5*d + 6*s - 310. What are the prime factors of d?
2, 29
Let v(y) = y**2 + 4*y**2 - 4*y**2 - 3. What are the prime factors of v(-3)?
2, 3
Let o(p) be the first derivative of p**2/2 + 3*p - 1. Let i(d) = d**3 - d - 1. Let x be i(2). List the prime factors of o(x).
2
Let u(a) be the second derivative of -a**3/6 + a**2/2 - 4*a. Let x(c) = 1. Let v(n) = 2*u(n) - 2*x(n). What are the prime factors of v(-2)?
2
Let z(g) = -g**3 + 3*g**2 - g - 2. Let v be z(2). Suppose v*p = -2*p + 12. What are the prime factors of p*-1*1/(-2)?
3
Let n = -36 - -70. What are the prime factors of n?
2, 17
Let k(l) = l**3 + 7*l**2 - 2*l - 10. Let d be k(-7). Suppose -3*v + 15 = -3*h, 4*h - 20 = -d*v + 3*v. What are the prime factors of v?
2
Let l(r) = 3*r + 0 - 1 - r - 2*r**3 + 5*r**3. List the prime factors of l(1).
2
Let f(v) = v**3 + 2 - 6*v**2 + 7*v + 4*v**2 - 5*v**2. Let z(d) = -d + 15. Let l be z(9). What are the prime factors of f(l)?
2
Let n(i) = i**2 - 3*i - 2. Let d be n(4). Suppose -25 = -2*q + 5*z, -5*q + 2*q - d*z = -85. What are the prime factors of q?
5
Suppose -2*l - 2*k = -3*k - 2, -l + 2*k - 2 = 0. Let r(h) = -h**2 - 14*h + 5. Let z be r(-15). What are the prime factors of 18 + (z/l - -3)?
2
Let o = -15 + 9. What are the prime factors of o/10 - (-1353)/55?
2, 3
Let z = 3 + 12. What are the prime factors of z?
3, 5
Let c(s) = 8*s**3 - 3*s**2 + s - 3. What are the prime factors of c(2)?
3, 17
Let k = 3 + -1. Let x(y) = y**3 - 2*y**2 + y. Let h be x(2). Suppose -m + 8 = 5*a - 33, -k*m = -h. List the prime factors of a.
2
Let c = 177 - 100. Let l = 117 - c. What are the prime factors of l?
2, 5
Suppose 510 = 10*q - 7*q. List the prime factors of q.
2, 5, 17
Let h(u) = 4*u**2 + 3*u + 7. List the prime factors of h(-5).
2, 23
Let k(v) = v**2 + 5*v - 9. Let j be k(-7). Suppose -4*p + 87 + j = 5*y, -74 = -5*y + 2*p. What are the prime factors of y?
2
Suppose -4*b - 3*b = -35. Suppose -2*a = -m + 6*m - 74, 51 = 3*m - a. Suppose b*o - n = -5*n + m, -1 = n. What are the prime factors of o?
2
Let o(a) = -a**2 + 3*a + 3. Let n be o(3). Let t(r) = 2*r**2 - 3*r + 4. List the prime factors of t(n).
13
Let i = -5 - -5. Suppose -18 = -3*x - i. Suppose 2*y + y - x = 0. What are the prime factors of y?
2
What are the prime factors of 0 - 7/((-21)/72)?
2, 3
Suppose -32*o = -37*o + 1420. What are the prime factors of o?
2, 71
Let h = -18 - -79. What are the prime factors of h?
61
Suppose -3*p + 8 = 2*i, i + 16 = -3*i + 2*p. Let x = i + 6. Suppose 5*z - 75 = -q, -5*z + 95 = q + x*q. What are the prime factors of z?
2, 7
Let l(n) = -n**2 + 10*n + 5. Let a be l(6). Suppose 4*s - 80 = -4*j, -j + 5*s = 3 + 7. Let w = a - j. What are the prime factors of w?
2, 7
Suppose 35 = 4*d + d. Suppose d*w - 36 = 3*w. List the prime factors of w.
3
Let h = 8 - -3. Suppose -h*q + 6*q = -90. List the prime factors of q.
2, 3
Let j be (-6)/10 + (-2)/5. Let w(p) = -15*p**3 - p. What are the prime factors of w(j)?
2
Suppose -3*d = d - 220. Suppose 6*f - f = d. List the prime factors of f.
11
Let w be 2 - (-20 - (-3 + 1)). What are the prime factors of (11/(-5))/((-4)/w)?
11
Let r = 109 - 104. List the prime factors of r.
5
Let u(y) = -5*y + 7. What are the prime factors of u(-13)?
2, 3
Let o = 3 + -3. Let b(r) = -r**2 - 12*r. Let s be b(-9). Suppose -2*j - j + s = o. What are the prime factors of j?
3
Let c(f) = f**3 - 4*f**2 - 12*f + 4. List the prime factors of c(7).
67
Suppose -2*i - 2*i = -c + 34, -c = i - 49. What are the prime factors of c?
2, 23
Let f = -2 + 5. Let i = f - 3. Suppose 4*c - 20 = i, -3*c - c = 5*g - 40. List the prime factors of g.
2
Let f be -2 - (1 - 6*3). Suppose 0 = -5*x + 4*h + 25, 0 = -5*x - 2*h + 10 + f. Suppose -3*r + x*m = -7*r + 24, -2*m = 0. What are the prime factors of r?
2, 3
Suppose -16 - 60 = -2*h. Let d = 53 - h. List the prime factors of d.
3, 5
Let z(y) = -y**3 - 4*y**2 - 4*y - 6. Suppose -2*q - 2 - 6 = 0. Let w be z(q). Let l = w + -5. List the prime factors of l.
5
Suppose 0 = -4*f + 5*c - 6, 3*f = -0*f - 3*c + 9. Let p(t) = 11*t**2 + t. What are the prime factors of p(f)?
2, 3
Suppose 0 = 3*z + 2*k + 2*k - 14, -2*k = -2*z + 14. What are the prime factors of -2 - -8*(-2 + z)?
2, 3, 5
Let d = -64 - -139. Suppose 75 + d = 5*g. What are the prime factors of g?
2, 3, 5
Let k(i) = i**3 + 9*i**2 - 3*i - 13. Let h be k(-9). What are the prime factors of 2 + (-7)/(h/(-66))?
5, 7
Let p(h) = 5*h**2 - h**3 + 11 + 6*h + 3*h - 19. What are the prime factors of p(6)?
2, 5
Let l(v) be the third derivative of v**6/120 - v**5/20 + v**4/24 - v**3/3 - v**2. What are the prime factors of l(4)?
2, 3
Let a(h) = -8*h + 1. Let t be a(-1). Let p be (-3)/t - 10/(-3). Suppose 0 = -p*v - v + 48. List the prime factors of v.
2, 3
Suppose p + 2*p - 4*t = 380, -5*p - t = -595. List the prime factors of p.
2, 3, 5
Let d be 3 + (3 + -1 - -2). Suppose 5 = 2*t + 3*o, 3*o = 5*t - 3 + 1. What are the prime factors of (d/21)/(t/6)?
2
Suppose y + 59 = 3*y - 3*f, -4*f + 13 = y. What are the prime factors of y?
5
Suppose 0 = 6*d - 99 - 687. What are the prime factors of d?
131
Let g(o) = 0*o - 4 + 0*o + 2 + o. What are the prime factors of g(4)?
2
Let s = -3 + 3. Let d = s + 14. What are the prime factors of d?
2, 7
Let l(i) = 28*i**3 - i**2. List the prime factors of l(1).
3
Let i(l) = 7*l**3 + l**2 + 3*l - 2. What are the prime factors of i(2)?
2
Let v(k) = -k**3 - 8*k**2 - 3*k + 7. Let q be v(-7). List the prime factors of (-225)/(-21) + (-6)/q.
11
Suppose 2*r = -2*d + 6, -d - 9 = 4*r - 33. Let a(t) = t**3 - 5*t**2 - 9*t + 8. List the prime factors of a(r).
43
Let a(q) = -q**3 - 6*q**2 - 3*q - 4. Let f be a(-6). Suppose 5*p - f = 1. List the prime factors of p.
3
Let h = 165 + 56. List the prime factors of h.
13, 17
What are the prime factors of (2 + 5)/((-4)/(-12))?
3, 7
Let k(c) be the first derivative of c**3/2 - 3*c**2/2 - c + 2. Let v(r) be the first derivative of k(r). List the prime factors of v(4).
3
Let o(z) = -2*z**2 + z**2 + 0*z**2 - 11 - 11*z. List the prime factors of o(-8).
13
Suppose 4*f - 79 - 49 = 0. Suppose -2*b + 112 = 2*s, -4*b = -4*s - f + 288. Suppose -s = 6*j - 11*j. List the prime factors of j.
2, 3
Suppose 3*x = -2*x. Let r = x + 1. Suppose -3*q - r + 25 = 0. List the prime factors of q.
2
Suppose 2 - 1 = -k. Let r be k/(-3)*30/2. Suppose r*g + 5*a = 65, -6 + 3 = g - 3*a. List the prime factors of g.
3
Let i(z) = 2*z**2 + 10*z - 12. What are the prime factors of i(-11)?
2, 3, 5
Suppose d - 2 = -0*d. Suppose g + 5*w + 13 = 0, 7*g - 4*w - 18 = 4*g. Let p = g + d. List the prime factors of p.
2
Let l(d) be the second derivative of -d**4/12 + 5*d**3/3 - 9*d**2/2 - d. What are the prime factors of l(4)?
3, 5
Let o = 1 + 12. List the prime factors of o.
13
Suppose 3 = b - j, 4*j - 3 = -3*b + 13. Suppose 3*w + w = -4*t + 152, -b*t + 164 = -2*w. What are the prime factors of t?
2, 5
Suppose 0 = 2